 the remainder when o is divided by (-2)/(-5) + 186/10.
17
What is the remainder when -6 - -2377 - (-42)/12*-2 is divided by 7?
5
Let d(y) = 8*y + 40. Let i be d(20). Let q = -85 + i. What is the remainder when q is divided by 9?
7
Suppose 112*k - 90*k = -594. Let a be -53 - (-2 - -1)*-2. Let m = k - a. What is the remainder when 82 is divided by m?
26
Suppose -118*q = -84093 - 9481. What is the remainder when q is divided by 216?
145
Suppose 0 = 113*h - 106*h. Calculate the remainder when 30*30/18 - h is divided by 43.
7
Suppose r - 480 = -3*a, r + 458 = -4*a + 1097. What is the remainder when a is divided by 60?
39
Suppose 154*y - 24 = 47716. Calculate the remainder when y is divided by 173.
137
Let k(u) = 2*u**3 + u**2 + 4*u - 1. Suppose 2 = 3*q - z, 0 = 3*q - 12*z + 8*z - 8. Calculate the remainder when k(3) is divided by (-66)/(-4)*(q - (-16)/24).
8
Let t(s) = 14*s**2 + 22*s + 62. What is the remainder when 369 is divided by t(-2)?
73
Suppose 0*h = -2*h - 186. Let w(q) = -2*q + 2. Let n be w(4). What is the remainder when (h - -1)/(-8 - n) is divided by 16?
14
Let b(j) = -10*j**3 - 2*j**2 - 12*j - 23. Calculate the remainder when b(-2) is divided by 4.
1
Let c = 28 + -24. Suppose -c*l + l = -9. Suppose -6*s = l*h - s - 19, 5*h - 4*s = 44. What is the remainder when 47 is divided by h?
7
Suppose 16*s - 131 = 93. Calculate the remainder when 71 is divided by 410/s + (-4)/14.
13
Let z(u) = -u**3 + 4*u**2 + 5. Let c be z(4). Suppose 5*i = 4327 - 1452. Calculate the remainder when 43 is divided by i/125*c*1.
20
Let g(n) = 81*n**2 - 3*n - 3. Suppose 0*b + 9 = 3*b, 27 = 3*k - 4*b. What is the remainder when g(1) is divided by k?
10
Suppose 3*o - 2*b - 556 = 871, 4*o - 1914 = -3*b. What is the remainder when o is divided by 37?
33
Suppose 87*u - 71*u - 20688 = 0. Calculate the remainder when u is divided by 72.
69
Let d be (0 - -9)*46/207. Suppose -d*v + m = -17, -2*m = 4*v - 20 - 2. What is the remainder when 27 is divided by v?
6
Suppose -637*x + 4505 = -722*x. Let a = 1 - -2. Calculate the remainder when x/(-3) - 1/(-3) - a is divided by 12.
3
Let l(r) = 4*r**2 + 7. Let u be 3*11/6 + 1/(-2). Let z(a) = 2*a + 26. What is the remainder when l(5) is divided by z(u)?
35
Let s(k) = -k**3 + 14*k**2 + 19*k - 58. Let b be s(15). Suppose 4*m - 3*j = 265, b*j + 239 + 23 = 4*m. What is the remainder when m is divided by 33?
31
What is the remainder when 475 is divided by -1*(-2 + 0)/2*(-16 - -167)?
22
Suppose 11*u = 22*u - 91811 - 25570. What is the remainder when u is divided by 35?
31
Suppose -w + 4*r = -272, 0*r - r + 4 = 0. Suppose -15*p = -27*p + w. What is the remainder when p is divided by 5?
4
Let x(g) = 2*g**3 - 3*g**2 - 9*g + 8. Let z(v) = -v + 12. What is the remainder when x(4) is divided by z(6)?
4
Let k(s) = -325*s - 80. What is the remainder when k(-4) is divided by 31?
11
Suppose 0 = -4*u + 20, 38*u = -3*v + 43*u + 4247. What is the remainder when v is divided by 46?
44
Let i(n) = -n**3 + 7*n**2 + 227*n + 7. Calculate the remainder when 236 is divided by i(-12).
8
Suppose 9*x - 12857 + 7871 = 0. What is the remainder when x is divided by 17?
10
Let k = -268 - -260. Let w = 21 + k. Calculate the remainder when 576/15 + (-4)/10 is divided by w.
12
Let j = -147 - -150. Suppose 0 = 4*p + 4 + 8, j*k - 5*p = 54. Suppose -3 = 2*v - k. What is the remainder when 13 is divided by v?
3
Suppose -m = -14*v + 16*v - 381, v = 5*m - 1872. Let g = -354 + m. Let s(r) = r**3 + 2*r**2 - 4*r. Calculate the remainder when s(4) is divided by g.
17
Let c(s) = -11*s - 64. Let t be c(-6). What is the remainder when 90/t + (-17 + 2)/5 is divided by 15?
12
Let y(s) = s**2 + 2*s - 52. Let i be 32/4*15/(-12). Calculate the remainder when y(i) is divided by 10.
8
Let j(i) = -5 + 10 + 6 + 9*i - i**2 + 0*i**2. Let z = 219 + -178. What is the remainder when z is divided by j(9)?
8
Let a be 6/51 + (-2 - (-32118)/102). Suppose -2*k = r - a, -11*r = 5*k - 14*r - 777. What is the remainder when k is divided by 72?
12
Let w be 0/(-2 - (3 - 3)). Let v(x) = 5*x + 17. Let o be v(11). Suppose o = 2*f - w*f. Calculate the remainder when f is divided by 20.
16
Let s = 83 - 79. Suppose 138 = 2*b - j - 125, s*j = 2*b - 266. Suppose 2*u - 271 = 5*a, -648 + b = -4*u + 5*a. What is the remainder when u is divided by 31?
30
Let m(t) = -9*t - 25. Let b be (-5)/10*(0 - -10). Let a(i) = 5*i + 13. Let p(u) = b*a(u) - 3*m(u). What is the remainder when 39 is divided by p(0)?
9
Suppose 35756*v - 35650*v - 10494 = 0. Let p = 74 + -42. Calculate the remainder when v is divided by p.
3
Suppose -5*v - 3*x + 7 = 50, x = 4. Suppose -74 - 32 = -2*g. What is the remainder when g is divided by (-5 - (5 + -9))*v?
9
Let r(b) = b**3 + 9*b**2 + 11*b + 11. Let o = 77 + -63. Let c be (o/6)/(3/(-9)). What is the remainder when r(c) is divided by 18?
14
Suppose 120505 = 191*o - 90550. Calculate the remainder when o is divided by 14.
13
Suppose -d + 8*d - 14 = 0. Suppose -8*b = d*b - 80. What is the remainder when 13 is divided by b?
5
Let p = 37574 - 37543. What is the remainder when 205 is divided by p?
19
Suppose -92*p = -2*h - 87*p + 101, 3*h - 132 = p. What is the remainder when 8/(-8) + 1*171 is divided by h?
41
Suppose -2*d + 13 = 7. Suppose -d*v - 2*v = -80. Suppose -2*z = 2*b - 3*b + 3, 5*b = -z + 48. Calculate the remainder when v is divided by b.
7
Let d = -495 + 719. Let y = d - 217. What is the remainder when y is divided by 3?
1
Suppose 5*a - 15 = -2*j, -2*j - 3*j = -a + 30. Suppose 4*s - 2*s = -4*d + 218, -a*d - s + 280 = 0. Calculate the remainder when d is divided by 12.
9
Suppose 0 = -21*c + 641 + 1564. Suppose -161 = -13*j + 567. Calculate the remainder when c is divided by j.
49
Suppose 2*n = 3*d + 38, 5*n - 2*d - 95 = 3*d. What is the remainder when 2/(-4)*(-42 - (57 + -25)) is divided by n?
18
Suppose 34*n = 15643 + 25871. Calculate the remainder when n is divided by 19.
5
Let r = -1144 - -792. Let y = r - -491. Calculate the remainder when y is divided by 28.
27
Suppose -1327*q = 2*w - 1329*q - 182, -q = -4*w + 382. What is the remainder when 5332 is divided by w?
94
Let j = 205 - 176. Let b = -21 - -30. Let q(d) = d**3 - 8*d**2 - 7*d - 13. What is the remainder when j is divided by q(b)?
4
Suppose n = 5*q - 11, -5*n = -0 + 5. Suppose 4*d - 476 = 2*d - 3*o, q*o + 952 = 4*d. What is the remainder when d is divided by 79?
1
Let l = 29 - -114. Suppose 11*d = l + 33. What is the remainder when (22*2 - 0) + 1 is divided by d?
13
Let u = 311 - 321. Suppose o - 212 = -3*o. Calculate the remainder when o is divided by (45 + u - 10) + 5 + -2.
25
Suppose 287 = -4*r + 1063. Let o = r + -140. What is the remainder when o is divided by 7?
5
Let n = -191 - -368. What is the remainder when (n/4)/(-2 + (-57)/(-24)) is divided by 60?
58
Suppose -6*h = -2*h - 56. Calculate the remainder when (-15)/(-255) - (24 + (-42198)/221) is divided by h.
13
Let m be 9/(-6) - 42/(-12). Let u(k) = 2*k**m + 15*k + 0*k**2 - k**2 - 19*k. What is the remainder when u(-4) is divided by 17?
15
Let s = 11 + -1. Suppose s*y = 5*y + 70. Suppose -2*b - t + 83 = 0, 5*b - 7*t + 3*t = 201. What is the remainder when b is divided by y?
13
Let a be (-4)/(-16)*0 + (57 - -1). Let g = a - 23. Calculate the remainder when g is divided by 18.
17
Let u(r) = r**2 - 3*r - 2. Let m(g) = 7*g - 39. Calculate the remainder when m(10) is divided by u(5).
7
Suppose 4*w - a - 60 = 0, -3*w + 28 = 29*a - 34*a. Suppose -476 = -2*u - 38. Calculate the remainder when u is divided by w.
11
Let d be 1 - 1 - (-7 - 76)*1. Suppose -3*m = 4*n - 6 - d, -3*m + 94 = 5*n. Calculate the remainder when 79 is divided by m.
10
Let a = 217 + -298. Let j = 87 + a. Calculate the remainder when 70 is divided by j.
4
Let a(p) = 8*p - 340. Let o be a(43). Calculate the remainder when (-29 - 14)*o/(-2) is divided by 34.
18
Suppose 3*k + 2*f + 87 = -55, -2*k - 101 = -5*f. What is the remainder when 69 is divided by k/72*6/(-2)?
1
Let f(q) = q**3 - 13*q**2 - 2*q - 7. Let p be f(10). Let w = 347 + p. Calculate the remainder when w is divided by 7.
6
Suppose 26*c - 111*c + 119850 = 56*c. Calculate the remainder when 882 is divided by c.
32
Let r(y) = y**3 + 39*y**2 + 16*y - 211. Calculate the remainder when r(-33) is divided by 21.
20
Let w = 23 + -18. Suppose -w*s = -15, 0